
3962
Let u(b) = 12*b**3 + 469*b**2 - 21*b + 355. Determine u(-39).
2695
Let n(l) = -539924*l - 2699625. Give n(-5).
-5
Let u(b) = -961*b**2 + 9728*b - 1175. What is u(10)?
5
Let b(a) = a**3 - 20*a**2 - 67*a + 1440. What is b(20)?
100
Let q(a) = 10577*a - 84589. Give q(8).
27
Let u(y) = 8234*y - 16469. Calculate u(2).
-1
Let k(d) = -76*d**3 - 219*d**2 + 28*d + 35. Determine k(-4).
1283
Let s(d) = 17916*d - 160794. What is s(9)?
450
Let l(q) = 78*q**3 - 3*q**2 - 270*q + 1063. Determine l(4).
4927
Let t(m) = -37696*m - 1206266. Determine t(-32).
6
Let l(h) = 653*h - 77072. Give l(118).
-18
Let o(g) = 2*g**3 - 23*g**2 + 646*g - 6866. Give o(11).
119
Let g(o) = -110902*o + 2661610. Give g(24).
-38
Let w(a) = 5*a**3 + a**2 + 3649*a + 7298. Give w(-2).
-36
Let s(y) = 111*y**2 + 39236*y + 18701. What is s(-353)?
-8
Let a(u) = -2*u**2 + 6245*u + 518974. Determine a(-81).
7
Let u(p) = 5536*p - 33113. What is u(6)?
103
Let i(y) = 12598*y + 75599. Give i(-6).
11
Let a(s) = 6*s**3 + 31*s**2 - 35*s - 40. Give a(2).
62
Let m(n) = 4*n**3 + 24*n - 54. Give m(3).
126
Let s(h) = -97*h**2 + 1739*h + 84. Determine s(18).
-42
Let v(a) = 4*a**3 - 21*a**2 - 14*a + 40. What is v(8)?
632
Let z(f) = -762*f + 15010. Calculate z(20).
-230
Let w(l) = 1075502*l + 68832125. What is w(-64)?
-3
Let m(i) = -66243*i + 15567094. Calculate m(235).
-11
Let w(o) = -2774*o + 2524384. Determine w(910).
44
Let s(d) = 80887*d - 727904. What is s(9)?
79
Let a(k) = 22251*k - 44506. Calculate a(2).
-4
Let j(v) = v**3 - 4056*v**2 + 16212*v - 30. Determine j(4).
-14
Let p(g) = -2*g**2 - 1514*g + 94547. What is p(-815)?
7
Let f(m) = -14*m**2 - 533*m - 21. Determine f(-36).
1023
Let g(m) = -2*m**3 - 767*m**2 + 9094*m + 3575. Calculate g(-395).
20
Let s(q) = -191661*q - 766638. Determine s(-4).
6
Let l(f) = -424404*f + 424414. What is l(1)?
10
Let b(x) = 722*x**2 - 477*x - 19. Calculate b(2).
1915
Let g(f) = -5*f**2 + 351*f + 4391. Determine g(81).
17
Let o(g) = -g**3 - 336*g**2 + 1672*g - 11274. Calculate o(-341).
-21
Let c(z) = 1728*z + 34474. What is c(-20)?
-86
Let f(k) = -k**3 + 72*k**2 - 304*k + 2108. Calculate f(68).
-68
Let o(c) = 815*c**2 - 1658*c + 25. Give o(2).
-31
Let g(y) = 4629*y - 8386. Give g(2).
872
Let u(c) = c**3 + 132*c**2 + 488*c - 3202. Give u(-128).
-130
Let b(t) = -64540*t + 1161728. Give b(18).
8
Let u(t) = -t**2 + 1189*t + 10794. Calculate u(-9).
12
Let b(n) = 371*n - 241830. Determine b(652).
62
Let g(l) = 7*l**2 + 5588*l - 234725. What is g(40)?
-5
Let v(d) = 9*d**2 + 223*d + 301. Determine v(-22).
-249
Let t(q) = q**3 - 15*q**2 + 11*q. Calculate t(6).
-258
Let x(d) = -4*d**3 - 13*d**2 + 48*d + 104. What is x(4)?
-168
Let u(o) = -o**2 + 838*o + 95878. Calculate u(-102).
-2
Let a(q) = 18*q**2 + 2426*q + 3112. What is a(-133)?
-1144
Let g(x) = 23*x**3 - x**2 + 28*x + 35. What is g(0)?
35
Let k(i) = i**2 - 29*i - 69046. Give k(-250).
704
Let v(w) = 4236*w - 453242. What is v(107)?
10
Let u(z) = 1887*z + 141916. What is u(-75)?
391
Let q(u) = -239398*u - 478869. Calculate q(-2).
-73
Let m(d) = -23462*d + 821382. What is m(35)?
212
Let l(s) = -347817*s - 1043440. Determine l(-3).
11
Let u(s) = 14*s**2 + 13*s - 153. Calculate u(-4).
19
Let r(g) = -2*g**3 - 79*g**2 - 93*g + 916. Calculate r(-38).
118
Let f(i) = -411*i - 27453. Give f(-68).
495
Let z(v) = -v**3 - 1149*v**2 + 56326*v + 136355. Calculate z(-1196).
11
Let c(y) = 3345*y + 4606074. Determine c(-1377).
9
Let p(l) = 130*l**2 - 1108*l - 509. Calculate p(9).
49
Let g(q) = -37375*q + 523010. Give g(14).
-240
Let d(c) = 7*c**3 + 695*c**2 - 3433*c - 141. Give d(-104).
-37
Let x(y) = 73097*y + 73106. Determine x(-1).
9
Let r(y) = 556*y + 12941. Give r(-23).
153
Let v(x) = -x**3 - 13*x**2 + 8869*x + 115321. Calculate v(-13).
24
Let s(m) = -m**3 + 212*m**2 - 3692*m + 426. Calculate s(19).
-49
Let y(t) = t**3 + 10*t**2 + 34*t - 801. Determine y(6).
-21
Let n(g) = 14*g**2 + 581*g + 3568. Determine n(-34).
-2
Let n(h) = 163*h + 20812. Give n(-127).
111
Let x(i) = -412*i + 70042. Determine x(170).
2
Let a(b) = 7282*b + 65553. What is a(-9)?
15
Let p(u) = 11*u**2 + 970*u - 54577. Determine p(39).
-16
Let b(k) = -k + 1302. What is b(-34)?
1336
Let p(y) = 13*y**2 - 2408*y - 21441. Determine p(194).
675
Let c(y) = y**3 - 130*y**2 - 232*y - 22213. Calculate c(133).
-2
Let u(y) = 571949*y + 2859765. Give u(-5).
20
Let a(k) = 4*k**2 + 6343*k - 44598. Calculate a(7).
-1
Let o(q) = -q**3 - 143*q**2 - 536*q - 15933. Calculate o(-140).
307
Let o(d) = 2*d**2 - 35013*d + 454835. Give o(13).
4
Let i(u) = 4*u**2 + 18382*u - 929104. Calculate i(50).
-4
Let j(p) = -2*p**2 + 81778*p + 327126. Give j(-4).
-18
Let x(b) = -3*b**3 + 162*b**2 + 1093*b - 59023. Determine x(54).
-1
Let a(m) = -m**3 - 16*m**2 + 52*m - 579. Give a(-20).
-19
Let f(t) = t**3 - 36*t**2 + 145*t + 73. What is f(32)?
617
Let p(z) = 48*z**2 + 697*z + 3697. What is p(-8)?
1193
Let w(o) = 2103*o - 700439. Give w(333).
-140
Let y(w) = w**3 + 44*w**2 - 411*w - 16. What is y(-52)?
-276
Let z(k) = -40827*k + 244982. Determine z(6).
20
Let v(t) = -72*t**3 + 8000*t**2 - 888*t + 16. Determine v(111).
16
Let n(o) = o**2 - 15001*o + 164853. Calculate n(11).
-37
Let k(m) = -m**3 + 27*m**2 + 92*m + 38. Give k(33).
-3460
Let i(u) = -14350*u - 2941761. Give i(-205).
-11
Let k(f) = -f**3 + 237*f**2 - 10627*f + 1238. Calculate k(177).
-1
Let w(o) = -17*o**2 - 1210*o + 330. What is w(-74)?
-3222
Let d(g) = 8113*g + 235396. Calculate d(-29).
119
Let l(z) = -264*z**2 + 2*z - 598. Determine l(0).
-598
Let v(i) = 4*i**2 + 345*i - 24133. Determine v(-132).
23
Let y(r) = 3952*r - 2209167. Determine y(559).
1
Let u(d) = d**3 - 26*d**2 + 145*d + 247. Determine u(16).
7
Let a(d) = -1025*d - 203970. Determine a(-199).
5
Let j(y) = 6*y**3 + 1597*y**2 + 232*y - 10005. Give j(-266).
-961
Let d(p) = -p**2 + 46*p + 117133. Determine d(-320).
13
Let s(a) = -10539*a + 63336. Calculate s(6).
102
Let p(r) = 101987*r + 203720. Give p(-2).
-254
Let a(c) = c**3 + 84*c**2 - 737*c - 55427. Determine a(-85).
-7
Let k(a) = -a**2 - 9970*a + 149772. What is k(15)?
-3
Let f(n) = -146*n**3 - 4088*n**2 - 20*n + 222. Determine f(-28).
782
Let d(b) = -b**2 + 851*b - 4251. Calculate d(5).
-21
Let s(a) = -3*a**2 + 24*a + 10393. What is s(63)?
-2
Let v(d) = -3*d**2 + 252*d - 5407. Give v(38).
-163
Let q(u) = u**3 + 39*u**2 + 172*u + 5201. What is q(-38)?
109
Let u(t) = t**3 + 28*t**2 + 71*t + 7997. Calculate u(-33).
209
Let d(g) = 83*g + 782. Calculate d(-13).
-297
Let t(r) = 2061*r + 101031. What is t(-49)?
42
Let g(j) = 42*j**3 + 90*j**2 + 16*j + 31. What is g(-5)?
-3049
Let n(k) = 5332*k - 922441. Calculate n(173).
-5
Let a(v) = -107*v**2 + 18946*v - 1249. Give a(177).
-10
Let q(z) = 637903*z - 6379020. Give q(10).
10
Let i(z) = z**3 - 52*z**2 - 283*z - 596. Determine i(57).
-482
Let u(y) = 2*y**3 + 20*y**2 + 762*y + 7734. Give u(-10).
114
Let n(b) = -37*b**2 + 122*b + 5. What is n(3)?
38
Let a(k) = 138*k + 18636. What is a(-133)?
282
Let t(b) = -12712*b - 38357. What is t(-3)?
-221
Let j(p) = 3435*p + 4170066. Calculate j(-1214).
-24
Let j(p) = p**2 - 392*p + 29808. Determine j(103).
41
Let f(v) = -v**3 + 18*v**2 + 5*v + 1845. What is f(22)?
19
Let h(b) = -16083*b + 80424. Calculate h(5).
9
Let z(m) = 1140*m + 275. What is z(-1)?
-865
Let v(x) = -4153*x - 20899. Calculate v(-5).
-134
Let m(k) = -827*k - 22409. What is m(-27)?
-80
Let y(p) = 3*p**3 + 355*p**2 - 1578*p - 117329. What is y(-120)?
31
Let a(w) = -242*w**2 + 1092*w - 1085. What is a(3)?
13
Let u(v) = 4*v**2 - 32*v + 53. What is u(4)?
-11
Let b(i) = 306*i + 24542. What is b(-68)?
3734
Let i(n) = n**3 - 4308*n**2 + 12472*n + 1338. Give i(3).
9
Let h(x) = -1236310*x - 14835717. Give h(-12).
3
Let v(l) = -1309*l + 942. What is v(0)?
942
Let f(s) = -7935*s + 349315. What is f(44)?
175
Let i(g) = -g**3 - 26*g**2 - 30*g + 346. Determine i(-25).
471
Let a(x) = 18*x**3 - 1475*x**2 - 78*x - 318. Give a(82).
10
Let v(z) = -17*z**2 + 59*z - 40. Give v(4).
-76
Let f(g) = -2*g**3 - 137*g**2 + 73*g - 109. Determine f(-69).
-385
Let l(d) = -259197*d + 4665499. Determine l(18).
-47
Let n(w) = 282*w - 700. Give n(2).
-136
Let x(h) = -5705*h - 3805229. Calculate x(-667).
6
Let j(y) = -3*y**3 + 27*y**2 + 139*y - 770. What is j(4)?
26
Let y(k) = -11*k**2 + 8665*k + 43314. What i